-2?
2, 29
Suppose -18 = 5*i + 142. Suppose -2*q + r = 22 + 117, 2*q = 5*r - 127. Let k = i - q. List the prime factors of k.
3, 13
Let h(c) = c**2 - 2*c - 9. Suppose 3*s - 7 = 2*q, -q - 3*s - 9 = 8. What are the prime factors of h(q)?
71
Suppose -5*x + 40 = -5*y, 0*x = 2*y + 2*x. Let l = y - -10. Let n = 19 + l. What are the prime factors of n?
5
Let h(j) = -j**2 + 2*j + 2. Let m be h(2). Let x = m - 2. Suppose -4*l + 58 + 2 = x. What are the prime factors of l?
3, 5
Let m(h) = 645*h - 91. List the prime factors of m(2).
11, 109
Let t = 426 - 22. List the prime factors of t.
2, 101
Suppose 0 = -10*r + 3*r - 1400. List the prime factors of ((-41)/4)/(10/r).
5, 41
Let f = 3215 + -1492. What are the prime factors of f?
1723
Suppose t = 14 - 11. Let c(i) = i**t - 2*i + 23 + 6 + 2*i. List the prime factors of c(0).
29
Let p = 7 - 5. Suppose d - h = -6*h + p, d - 3*h = 2. Let c = 5 - d. List the prime factors of c.
3
Suppose -100 - 1202 = -7*p. What are the prime factors of p?
2, 3, 31
Suppose -6*q + 1364 = 2*u - 10*q, -5*q - 10 = 0. List the prime factors of u.
2, 3, 113
Let r(p) = -94*p - 115. What are the prime factors of r(-13)?
3, 41
Let i(g) = g**2 + 6*g. Let q = -20 + 13. Let l be i(q). Let j = l + 2. List the prime factors of j.
3
Let h = 16 - 16. Let c(a) = 3*a**2 - 14. Let b(v) = -v**2 - 1. Let r(p) = -4*b(p) - c(p). List the prime factors of r(h).
2, 3
Let c be 9 + (1 - 6) - 0. Suppose z = 4*z - 15. Suppose 0 = c*l + 3*p - 69, -5*l + 8*l - z*p - 88 = 0. What are the prime factors of l?
3, 7
Let n(i) = -i**3 + 3*i**2 + 5*i - 4. Let r be n(4). Suppose r*l - 503 = -3*c + l, -5*c + 2*l + 840 = 0. What are the prime factors of c?
2, 83
Let n(t) = t**3 - 8*t**2 - 8*t - 5. Let d be n(9). Suppose -4*o = 3*r - 241, -2*o + 6*r = d*r - 110. List the prime factors of o.
2, 29
Let a be (5/10)/(2/4). Suppose 4*c - a = -5. List the prime factors of c*(-4)/((-8)/(-34)).
17
Suppose -4*g + 2*o + 88 = o, -3*g = 4*o - 85. Let a = 270 + g. List the prime factors of a.
293
Suppose -5*q + w = -0*q - 18, -4*q = -5*w - 6. Suppose -q*b - 10 = -34. Suppose -b*i + 125 = -i. What are the prime factors of i?
5
Suppose 0 = -5*p + 2*n - 153, -3*n - 2*n = 2*p + 38. Let v = p - -63. What are the prime factors of v?
2, 17
Suppose 0 = -2*i - 4*s + 18, -4*i + 0*i - s = -15. What are the prime factors of i?
3
Suppose -5*j - 6 = -31. Suppose -4*w + b = -281, 5*w - 18 = -2*b + 330. Suppose -w = -5*n - 0*f + 5*f, -5*f = j*n - 80. What are the prime factors of n?
3, 5
Suppose -13*b = -21*b + 5640. List the prime factors of b.
3, 5, 47
Suppose 0 = 5*l - 10, 4*a - 4*l + 4 = -36. Let c = -7 - a. List the prime factors of -4*8/((-2)/c).
2
Suppose -7*m = -2768 - 39. List the prime factors of m.
401
Suppose 30 = 3*u + 4*t - t, -4*u = 3*t - 36. What are the prime factors of (-337)/(-3) + (-2)/u?
2, 7
Suppose 24 = 3*m + m. Let b(x) = x**3 - 7*x**2 + 7*x - 2. Let l be b(m). Suppose -l*j = 3*i - 17, 0*j = 2*i - 3*j - 17. List the prime factors of i.
7
Let d(y) = 72 + 0 - y**2 + 23 + y**3 - 3*y. What are the prime factors of d(0)?
5, 19
Suppose 16330 = -87*o + 97*o. What are the prime factors of o?
23, 71
List the prime factors of (-70)/7 - (-6399)/9.
701
Suppose 1539 = 2*f + f. Suppose i + f + 382 = 3*j, 0 = -4*j + 2*i + 1194. List the prime factors of j.
2, 149
Let z be (-11)/33 + 32/6. Suppose -2*v + 6*v = m - 222, m - 240 = -z*v. List the prime factors of m/25 - 2/10.
3
Suppose 2 = 3*p - 4. What are the prime factors of (50 - (-6)/p) + 2?
5, 11
Let y(s) = -7*s - 26. Let o be y(-4). Suppose 3*t = -w + 397 + 267, o*w - 665 = -3*t. List the prime factors of t.
13, 17
Suppose -15*m + 13*m + 3*y + 452 = 0, -3*y = -6. List the prime factors of m.
229
Suppose 0 = -3*m + 6*m + 2*b - 1600, 540 = m + 4*b. What are the prime factors of m?
2, 7, 19
Suppose 5*p - 48 = -0*i + 4*i, -4*p = -16. Let z = i - -9. Suppose -117 + 45 = -z*s. List the prime factors of s.
2, 3
Suppose 95 = -19*i - 0. What are the prime factors of (1/2)/(i*3/(-4890))?
163
What are the prime factors of 7/(-70) + -2 + 165124/40?
2, 2063
Let z(f) = f**3 + 15*f**2 + 11*f - 2. Let g be z(-14). Let v = g - -27. List the prime factors of v.
67
Suppose 10*z = 21*z - 22297. List the prime factors of z.
2027
Let t(l) = l + 7. Let d be t(-3). Suppose 0 = d*i - 2*h - 82, -h - 3 = 2. List the prime factors of i.
2, 3
Let u(a) = -3 + 6 + 8*a + 6. Let h(z) = -4*z - 4. Let t(l) = 7*h(l) + 3*u(l). What are the prime factors of t(-2)?
7
Let w(g) = -g**3 - g**2 + g. Let b be 4/(-10) + 35/25. Let a be w(b). List the prime factors of 7*(a + 2 - -1).
2, 7
Let q = -100 - -99. Let h(r) be the third derivative of 53*r**5/60 - r**3/6 + 3*r**2. What are the prime factors of h(q)?
2, 13
Let r be ((-3)/2)/((-15)/(-280)). Let a = -19 - r. List the prime factors of a.
3
Let w(d) = 4*d**2 + 8*d - 5. Let q be w(8). Suppose 0 = -2*t + 13 + q. What are the prime factors of t?
2, 41
What are the prime factors of ((-188)/(-12))/((-8)/(-72))?
3, 47
Suppose -p = -1, -3*p = -h + 2*p + 85. List the prime factors of (-16)/(-20)*h/4.
2, 3
Suppose 0 = -0*d - 13*d + 8229. List the prime factors of d.
3, 211
Let i(m) = 2*m + 2. Let u be i(1). Suppose x - u*j - 14 = 0, 5*x - 2*j - 16 = 3*x. Suppose d + x = 53. List the prime factors of d.
47
Let o(h) = h**3 - 3*h**2 + h + 5. Let f = -22 + 22. Let t be 1 + 1 - (-2 - f). What are the prime factors of o(t)?
5
Let r be (-3)/(1*15/10). What are the prime factors of 22 + -2*4/r?
2, 13
Let x(s) = 10*s + 4. Suppose 0*k - k = 0. Suppose 3*d + 12 = 0, 3*c - 2*d - 23 = -k*c. What are the prime factors of x(c)?
2, 3
Suppose -33 - 63 = -4*a. Let g = -4 - -4. Suppose -2*q - w = -39, -5*w = q - g*q - a. List the prime factors of q.
19
Let p = -109 - -114. Suppose 16*y = p*u + 14*y - 216, u - 48 = 2*y. What are the prime factors of u?
2, 3, 7
Suppose -4*n + 72 - 16 = 0. Suppose -3*w + 2*y + 0 = -n, -5*w - 4*y = -60. Suppose w*l - 7*l = 18. List the prime factors of l.
2, 3
Let h be -1*40 + (-16)/4. Let s = h + 125. What are the prime factors of s?
3
Let a(b) = -b**3 - 20*b**2 + 20*b - 60. List the prime factors of a(-22).
2, 3, 13
Let w = 3282 - 1771. List the prime factors of w.
1511
Suppose 0 = -6*a + 489 + 1467. What are the prime factors of a?
2, 163
Let a = 15 + -10. Suppose 2*m = -4*q + 5*m, -a*m + 20 = 0. Suppose 0 = q*f - 18. List the prime factors of f.
2, 3
Let k(w) = -2*w**3 - 7*w**2 - 53*w + 15. What are the prime factors of k(-8)?
5, 7, 29
Suppose -j - 6*j = -273. What are the prime factors of j?
3, 13
Let b = -14 + 18. Suppose b*h + 8 = -4*r, -4 = -5*h + 4*r + 4. Suppose -2*l = 4*g - 100, -2*g + l = -h*g - 42. List the prime factors of g.
23
What are the prime factors of 10 - ((-32)/(-4) - 2383)?
3, 5, 53
Suppose -9*y - 139 = -10*y. Suppose -5*b = -3*p + 238, 3*p + 5*b = y + 79. What are the prime factors of p?
2, 19
Let l(b) = -b - 8. Let t be l(-12). Let h(v) = 45*v - 10. List the prime factors of h(t).
2, 5, 17
Let h = 5 - 2. Let m be (-92)/h*(-9)/(-6). Let g = m + 91. What are the prime factors of g?
3, 5
Let z(p) be the third derivative of p**4/6 - p**3/6 + 9*p**2. Let y be (-4)/(-10) + 26/10. What are the prime factors of z(y)?
11
Let h be 8/(-24) + (-70)/(-3). Let b(y) = -y**2 - 4*y. Let g be b(-6). Let w = h - g. What are the prime factors of w?
5, 7
Let a be (591 - 5)/(0 - 2). Let c = 428 + a. List the prime factors of c.
3, 5
Let z(f) = 318*f + 48. What are the prime factors of z(3)?
2, 3, 167
Let d be (4/(-2) + -6)/(9/(-54)). Let y = d - -58. List the prime factors of y.
2, 53
Let d(m) = m + 12. Let p be d(14). Suppose -119 = -5*y + p. What are the prime factors of y?
29
Suppose -9*w + 3219 = 150. List the prime factors of w.
11, 31
List the prime factors of 240/(-1320) - (-13620)/11.
2, 619
List the prime factors of 5 - -69*(-3)/(3 + -12).
2, 7
Let v = -4 - -2. Let d be 0 + 17 + (3 - 2). Let u = v + d. What are the prime factors of u?
2
List the prime factors of 1/((-40)/120390*(-6)/8).
4013
Let z = 73 + -68. List the prime factors of (-2)/z - 1168/(-20).
2, 29
Suppose 44*n - 34*n = 2080. List the prime factors of n.
2, 13
Let b(t) = -t**2 + t + 12. Let c be b(0). Let s(z) = 2*z + 8. What are the prime factors of s(c)?
2
Let s(z) = -2*z + 1393. List the prime factors of s(0).
7, 199
Let z(w) = -w - 2. Let t b